{"id":2,"date":"2023-03-29T12:08:55","date_gmt":"2023-03-29T10:08:55","guid":{"rendered":"https:\/\/edensia.com\/?page_id=2"},"modified":"2023-04-13T11:22:15","modified_gmt":"2023-04-13T09:22:15","slug":"page-d-exemple","status":"publish","type":"page","link":"https:\/\/edensia.com\/","title":{"rendered":"N&rsquo;attendez pas les opportunit\u00e9s&#8230; Cr\u00e9ez-les!"},"content":{"rendered":"\n<div class=\"wp-block-columns is-layout-flex wp-container-core-columns-is-layout-28f84493 wp-block-columns-is-layout-flex\">\n<div class=\"wp-block-column company_profile_section is-layout-flow wp-block-column-is-layout-flow\">\n<h2 class=\"wp-block-heading\">Conseil<\/h2>\n\n\n\n<p>Missions d&rsquo;expertise-conseil et d&rsquo;accompagnement des projets<\/p>\n\n\n\n<ul class=\"wp-block-list\">\n<li>Gestion de projet<\/li>\n\n\n\n<li>Business Intelligence et Big Data<\/li>\n\n\n\n<li>Machine Learning et IA<\/li>\n\n\n\n<li>Reporting et Tableaux de bord<\/li>\n<\/ul>\n<\/div>\n\n\n\n<div class=\"wp-block-column company_profile_section is-layout-flow wp-block-column-is-layout-flow\">\n<h2 class=\"wp-block-heading\">Formations<\/h2>\n\n\n\n<p>D\u00e9couvrez <a href=\"https:\/\/edensia.com\/?page_id=12\" data-type=\"page\" data-id=\"12\">nos formations<\/a> sur mesure. <\/p>\n\n\n\n<ul class=\"wp-block-list\">\n<li>Travaux pratiques et cas concrets adapt\u00e9s \u00e0 vos besoins<\/li>\n\n\n\n<li>Evaluation permettant de mesurer l&rsquo;assimilation des connaissances.<\/li>\n\n\n\n<li>Les stagiaires disposent du m\u00eame environnement mis \u00e0 disposition au travers de machines virtuelles pr\u00e9configur\u00e9es.<\/li>\n<\/ul>\n<\/div>\n<\/div>\n","protected":false},"excerpt":{"rendered":"<p>Conseil Missions d&rsquo;expertise-conseil et d&rsquo;accompagnement des projets Formations D\u00e9couvrez nos formations sur mesure.<\/p>\n","protected":false},"author":1,"featured_media":0,"parent":0,"menu_order":1,"comment_status":"closed","ping_status":"closed","template":"","meta":{"footnotes":""},"class_list":["post-2","page","type-page","status-publish","hentry"],"_links":{"self":[{"href":"https:\/\/edensia.com\/index.php?rest_route=\/wp\/v2\/pages\/2","targetHints":{"allow":["GET"]}}],"collection":[{"href":"https:\/\/edensia.com\/index.php?rest_route=\/wp\/v2\/pages"}],"about":[{"href":"https:\/\/edensia.com\/index.php?rest_route=\/wp\/v2\/types\/page"}],"author":[{"embeddable":true,"href":"https:\/\/edensia.com\/index.php?rest_route=\/wp\/v2\/users\/1"}],"replies":[{"embeddable":true,"href":"https:\/\/edensia.com\/index.php?rest_route=%2Fwp%2Fv2%2Fcomments&post=2"}],"version-history":[{"count":13,"href":"https:\/\/edensia.com\/index.php?rest_route=\/wp\/v2\/pages\/2\/revisions"}],"predecessor-version":[{"id":189,"href":"https:\/\/edensia.com\/index.php?rest_route=\/wp\/v2\/pages\/2\/revisions\/189"}],"wp:attachment":[{"href":"https:\/\/edensia.com\/index.php?rest_route=%2Fwp%2Fv2%2Fmedia&parent=2"}],"curies":[{"name":"wp","href":"https:\/\/api.w.org\/{rel}","templated":true}]}}